4*c(z) + 5*l(z). Calculate g(11).
5
Let d be (-1 - -1) + 21/3. Let h = -106 - -214. Let o(r) = -10 - h*r + 59*r + 50*r. Determine o(d).
-3
Let m(y) = 10*y**3 - 2*y - 1. Let c(u) = -3*u + 2. Let k be -25 + (0 + -12)/(-4). Let a = 23 + k. Let w be c(a). Determine m(w).
-9
Suppose -2*i - 294 = 2*m, -9*m - 294 = 2*i - 14*m. Let r = -143 - i. Let g(y) = y**3 - 5*y**2 + 3*y + 1. What is g(r)?
-3
Let m(w) be the second derivative of -w**3/3 + w**2/2 + 99*w + 2. Let k(n) = 3. Let r(v) = 2*k(v) - m(v). Give r(3).
11
Let q(r) = -r**3 - 2*r**2 + 2*r + 4. Let f(t) be the second derivative of -t**4/3 + 5*t**3/2 - 7*t**2 - 19*t + 2. Let y be f(1). Give q(y).
7
Let d(h) = 2*h. Let o be d(-3). Let m(f) be the third derivative of f**6/120 + 7*f**5/60 + f**4/6 - 7*f**3/6 - 471*f**2. Determine m(o).
5
Let g(y) = -y**2 + 5*y - 3. Let q = -1 + 37. Suppose n - 14 = -q. Let h = -16 - n. Calculate g(h).
-9
Let i(k) = 5*k**2 + 17*k + 75. Let o(v) = 13*v**2 + 51*v + 223. Let y(r) = -8*i(r) + 3*o(r). Give y(20).
9
Let x(g) = -g**2 + 6*g - 5. Let j(c) = 8*c + 128. Let h be j(-14). Let l = 2 + 5. Suppose 3*a = -m + h, 5*a + 3*m = l*m + 38. Calculate x(a).
-5
Let w(p) = -11*p + 30. Let z(k) = -61*k + 151. Let q(y) = 11*w(y) - 2*z(y). Suppose -7*x - 2*m - 4 = -2*x, 4*x = -2*m - 4. Give q(x).
28
Suppose 3*w - 11*t = -16*t + 9, -19 = 5*w - 3*t. Let j be (w/(-2) - 2)/(15/60). Let o(m) = m**3 + 4*m**2 + 3*m - 2. Calculate o(j).
-14
Let l(n) = -n**2 - 11*n - 8. Let v be l(-10). Let q(x) = -15*x**2 + 16*x - 5. Let r(p) = -7*p**2 + 7*p - 2. Let i(h) = -6*q(h) + 14*r(h). Calculate i(v).
-26
Let b = -17982 + 17990. Let n(d) = -d**2 + 3*d + 6. Give n(b).
-34
Let n(x) be the third derivative of x**6/120 + x**5/30 - 5*x**4/12 - 2*x**3 + 2*x**2 - 977. Calculate n(-5).
-37
Let n(p) = p**3 - 5*p**2 - 1. Let s(g) = 2*g**2 - 15*g - 432. Let h be s(19). What is n(h)?
-1
Let w(q) = 2*q - 6. Suppose 3*s - 8 = -o, 2*s - 4*o - 7 = 3. Suppose 0 = s*j - 8 - 4. Suppose 4*p - 3*p = j. Determine w(p).
2
Let s(m) be the third derivative of 1/2*m**3 - 60*m**2 - 1/24*m**4 + 0*m + 0. What is s(4)?
-1
Suppose -3*a + 12*a = -54. Let u = 9 - 6. Let h(x) = 7*x - u*x + 10*x**2 - 9*x**2 + x - 3. Calculate h(a).
3
Suppose 54*n - 21*n - 61 = -28*n. Let b(v) = -64*v - 1. Give b(n).
-65
Suppose 33 = -3*z - 14*d + 19*d, -d = z - 5. Let v(h) = 11*h**2 + 9*h + 10. What is v(z)?
12
Let m(v) be the first derivative of v**5/20 - v**4/2 - v**3/3 + v**2 + 32*v - 40. Let j(l) be the first derivative of m(l). Calculate j(6).
-10
Suppose 4*j - 2*s + 254 - 268 = 0, 8 = j - 2*s. Let f(l) = -l**3 + 3*l**2 + 3*l - 4. Calculate f(j).
6
Let o(x) = 4*x + 27. Suppose -28 = 103*h - 99*h. Let j be o(h). Let z(p) = -2*p**2 - p. What is z(j)?
-1
Let w(o) = -2*o + 19. Suppose 119*i = 102*i + 136. What is w(i)?
3
Let w(x) = 10*x + 10. Let d(v) = 4 - 5 + 1 - 1 + 5 + 5*v. Let p(f) = 5*d(f) - 2*w(f). What is p(-2)?
-10
Let a(n) = -17*n**3 - 2*n**2 - 3*n + 21. Let t(u) = -60*u**3 - 6*u**2 - 8*u + 63. Let f(s) = 7*a(s) - 2*t(s). Calculate f(4).
33
Suppose 35 = 58*k + 209. Let p(c) = c**2 + c + 7. What is p(k)?
13
Suppose 47*h - 22*h = 2550. Let a be 12/h + ((-1404)/(-68))/3. Let v(d) be the first derivative of d**4/4 - 2*d**3 - 3*d**2 - 5*d - 1. Calculate v(a).
2
Let q(l) be the third derivative of -2*l**4/3 + 7*l**3/3 - 213*l**2 - 5. What is q(0)?
14
Let v be (1 - (-1 + 2))/(-2). Let p(x) be the third derivative of -1/24*x**4 + 0 + 0*x + 24*x**2 - 2/3*x**3. What is p(v)?
-4
Suppose -54 = -20*o + 11*o. Let i(f) = -166 + 7*f - 7*f**2 + o*f**2 + 162. Calculate i(4).
8
Let r(j) = -4*j**3 - 20*j**2 - 58*j + 274. Let d(y) = -3*y**3 - 13*y**2 - 39*y + 183. Let q(l) = 7*d(l) - 5*r(l). Calculate q(10).
-19
Let o(d) = -68*d**2 + 72*d**2 - 391*d + 399*d - 3. What is o(-5)?
57
Let a(l) = -l**2 + 7*l. Let n be ((-8)/5)/(35/(-700)). Suppose -38 = -5*t - h, n = 3*t + 2*h + 5. Calculate a(t).
0
Let x be 2*4/16*2. Let t(w) = -1 + 736*w + 3*w**3 - w**2 - 1481*w + 747*w. Determine t(x).
3
Let f(x) = 6*x - 63. Let l be f(11). Let o(n) = -3*n**3 + 5*n**2 - 66 + 3*n**3 + 3*n + 69 + n**l. Determine o(-3).
12
Let k(c) = -7*c**3 - 4*c**2 + 21*c - 21. Let t(i) = -18*i**3 - 9*i**2 + 53*i - 53. Let a(l) = 13*k(l) - 5*t(l). Let j be -8*(8/4 + -1). Determine a(j).
-8
Let l(p) = -10*p**2 - 12*p - 23. Let w be l(-5). Let f = w - -208. Let i(q) = q**3 + 6*q**2 + 6*q - 2. Calculate i(f).
-7
Let x = -580 + 577. Let o be ((-5)/x)/(85/153). Let i(c) = -3*c**2 - 3*c**2 + 4 + 5*c**2. Determine i(o).
-5
Let u(i) = 4*i**3 + 7*i**2 - 4*i + 6. Let y(m) = -m**3 - m**2 + m - 1. Suppose -8*p - 4*p = -12. Let a(b) = p*u(b) + 5*y(b). Give a(3).
-5
Suppose 0 = -j + 2*d - 3, 3*j + 432*d + 19 = 433*d. Let v(m) = -m + 11. Determine v(j).
18
Let h(d) = -15*d + 107. Let w(a) = -7*a + 49. Let y(p) = -3*h(p) + 7*w(p). What is y(6)?
-2
Suppose -x = 4*r - 180, 145*x - 149*x = 5*r - 247. Let o(l) = l - 45. Determine o(r).
-2
Let d = 4 + -10. Let w(j) = -16*j**3 + 2*j**2 - 31684 + 5*j**2 + 31690 + 17*j**3 + 5*j. What is w(d)?
12
Suppose 23 = 22*q - 18*q + 5*x, 5*q + 43 = 4*x. Let s(r) = -5*r**3 - 2*r**2 - 4*r - 4. Determine s(q).
125
Let q(x) = -x - 59 - 30 + 69. Determine q(-10).
-10
Let r be (6/27*-6)/((-4)/6). Let u(d) = -20*d**2 - 5*d + 0*d + 38*d**r - 19*d**2 + 2. Calculate u(-4).
6
Let a(v) = -3953 + v - 9*v + 3968. Calculate a(7).
-41
Suppose 15 = 4*r - 3*h, r - 3*h - 11 = 4. Let s = r - 1. Let c(w) be the third derivative of -w**5/60 - 15012*w**2. What is c(s)?
-1
Let q(s) = -6*s. Let m(v) = 2 - v + 4 - 1 + 21 - 5. Let c be (-2)/9 - 200/(-9). Let z be m(c). Calculate q(z).
6
Let u(s) = 6*s**3 + 53*s**2 + 22*s + 12. Let x(v) = 17*v**3 + 158*v**2 + 67*v + 43. Let h(l) = -11*u(l) + 4*x(l). Calculate h(-24).
-8
Let j = -1826 + 1830. Let k(x) be the second derivative of j*x - 3/20*x**5 + 0 - 1/3*x**3 + 1/2*x**2 + 1/12*x**4. Determine k(1).
-3
Let f be -6 - (-172)/(-36) - (-4)/(-18). Let s(w) = -w**3 - 9*w**2 + 21*w + 16. Determine s(f).
27
Let x be 4 + (190/(-45) - 10/(-45)). Let w(z) = 15*z**3 - 13*z**2 - 15*z + 1. Let r(o) = -7*o**3 + 6*o**2 + 7*o. Let k(y) = -13*r(y) - 6*w(y). Give k(x).
-6
Let n(r) = 7*r + 19. Let l(o) = o**3 + 6*o**2 + 2*o + 7. Let j be l(-6). Let z(d) = -50 + 28 + 3*d + 32. Let h(w) = j*z(w) + 2*n(w). Determine h(0).
-12
Let n(k) = 4*k - 16. Let a be n(4). Suppose -13*v - 26 = -a. Let g(z) = -3*z - 1. Give g(v).
5
Suppose -2*b + 6*d - 3*d = 18, 0 = 5*b + 4*d + 22. Let c = 12 + b. Let n(m) = 59 + 66 + 335 - 461 + 3*m. Give n(c).
17
Suppose 7*j + 34*j - 97 = -15. Let i(d) be the third derivative of 0 + 0*d - d**3 + 18*d**j - 1/12*d**4. Determine i(-6).
6
Let m(f) = 5*f**2 + 3*f - 6. Suppose -31*j + 14 + 23 + 25 = 0. Determine m(j).
20
Let c(o) be the third derivative of o**5/30 - o**4/24 + 5*o**3/6 - 18*o**2 + 1. Let b be c(1). Let y(k) = -k**2 + 6*k + 12. What is y(b)?
12
Let v(b) be the second derivative of -b**5/20 - 11*b. Let r be v(2). Let l be 1*6/r*-8. Let q(k) = k - 12. Calculate q(l).
-6
Suppose -5*k - 3*g = -102, 3*k = 4*k - 4*g - 25. Let z be (-320)/(-18) - (-134)/603. Suppose -23*x + z = -k*x. Let o(s) = s - 4. Determine o(x).
5
Let q(x) = x**3 - 22 - x - 95 - 4*x**2 + 152 - 28. Give q(5).
27
Suppose k + 4*k = 0. Let r(p) be the third derivative of -1/24*p**4 + 0*p - 106*p**2 + 0 - p**3. What is r(k)?
-6
Let y be ((-5)/2)/5*-2. Let t(g) = -g**2 + g - 1. Let m(u) = 4*u - 8. Let k(h) = y*m(h) - t(h). Let v = 177 - 183. Calculate k(v).
11
Let j(p) = 10532 + 6*p - 5275 - 5282. What is j(6)?
11
Let j(k) = -3*k**3 - 69*k**2 - k - 23. Suppose -3*s - 41 = 4*t, 34 = -3*s - 2124*t + 2119*t. What is j(s)?
0
Suppose 46*s - 915 = 41*s. Let i(g) = -189*g + g**2 + s*g - 4 + 7. What is i(4)?
-5
Let m(j) = 18*j - 659. Let t(y) = -4*y**2 - 5*y + 268. Let s be t(7). What is m(s)?
7
Let d(i) = 7*i + 4. Let l(r) = r**3 - 30*r**2 + r - 31. Let y be l(30). Let q(o) = -2*o + 1. Let t(k) = y*d(k) - 4*q(k). Determine t(-7).
-15
Let u be 3/(-12) - 1205/(-20). Suppose 0 = 12*f - 27*f + u. Let g(x) = x**2 - 9*x. What is g(f)?
-20
Let p be (-100)/(-15) - 1/(-3). Suppose -30*i = -24*i - 12. Let j(g) = 9 + 6 - i*g + 5 - 18. Determine j(p).
-12
Let k(r) = -2 + r**2 + 0 + r**3 + r + 0. Let c = 113 + -113. Suppose c = -z - 4*n - 2, 0*n - 3*n = 0. Give k(z).
-8
Let b(f) = -11*f + 16. Let r(m) = -